1292361?
47, 240263
List the prime factors of 380960.
2, 5, 2381
What are the prime factors of 25086584?
2, 83, 37781
What are the prime factors of 579879?
3, 7159
What are the prime factors of 2038987?
293, 6959
List the prime factors of 2947667.
73, 149, 271
List the prime factors of 13335368.
2, 271, 6151
What are the prime factors of 7630128?
2, 3, 11, 4817
What are the prime factors of 29943243?
3, 11, 41, 2459
List the prime factors of 19028901.
3, 29, 218723
What are the prime factors of 649237?
347, 1871
What are the prime factors of 3142213?
571, 5503
List the prime factors of 2728846.
2, 1364423
What are the prime factors of 107136?
2, 3, 31
List the prime factors of 339446.
2, 89, 1907
List the prime factors of 1292559.
3, 29, 83, 179
What are the prime factors of 328963?
313, 1051
List the prime factors of 626773.
7, 17, 23, 229
What are the prime factors of 208889?
208889
List the prime factors of 176049.
3, 31, 631
What are the prime factors of 420052?
2, 19, 5527
What are the prime factors of 303088?
2, 19, 997
What are the prime factors of 1411250?
2, 5, 1129
What are the prime factors of 2917809?
3, 53, 2039
List the prime factors of 21440553.
3, 17, 107, 3929
What are the prime factors of 646113?
3, 13, 16567
List the prime factors of 397924.
2, 53, 1877
List the prime factors of 58347.
3, 2161
List the prime factors of 25988.
2, 73, 89
List the prime factors of 7848349.
19, 413071
List the prime factors of 769395.
3, 5, 11, 4663
List the prime factors of 987316.
2, 11, 19, 1181
What are the prime factors of 782482?
2, 151, 2591
List the prime factors of 1949829.
3, 7, 92849
What are the prime factors of 26689368?
2, 3, 1112057
What are the prime factors of 3150900?
2, 3, 5, 389
List the prime factors of 3730500.
2, 3, 5, 829
List the prime factors of 655825.
5, 37, 709
List the prime factors of 2156464.
2, 53, 2543
List the prime factors of 1288572.
2, 3, 167, 643
List the prime factors of 192073.
7, 23, 1193
List the prime factors of 637446.
2, 3, 131, 811
What are the prime factors of 138708?
2, 3, 3853
What are the prime factors of 165857?
165857
List the prime factors of 1294090.
2, 5, 7, 19, 139
What are the prime factors of 3562307?
7, 508901
What are the prime factors of 238503?
3, 107, 743
List the prime factors of 90468.
2, 3, 7, 359
List the prime factors of 7460205.
3, 5, 673, 739
List the prime factors of 24569944.
2, 7, 271, 1619
List the prime factors of 4821198.
2, 3, 53, 15161
What are the prime factors of 1094459?
739, 1481
List the prime factors of 161259.
3, 7, 1097
What are the prime factors of 8754388?
2, 17, 7573
What are the prime factors of 2818254?
2, 3, 241, 1949
What are the prime factors of 480718?
2, 7, 34337
What are the prime factors of 6491491?
499, 13009
List the prime factors of 291316.
2, 67, 1087
List the prime factors of 61537.
7, 59, 149
List the prime factors of 189652.
2, 17, 2789
What are the prime factors of 23181139?
109, 212671
What are the prime factors of 1657854?
2, 3, 11, 2791
What are the prime factors of 6019979?
7, 19, 45263
What are the prime factors of 185998?
2, 113, 823
What are the prime factors of 1216745?
5, 37, 6577
What are the prime factors of 1166792?
2, 11, 13259
What are the prime factors of 168058?
2, 11, 7639
What are the prime factors of 631529?
631529
What are the prime factors of 8950163?
47, 53, 3593
List the prime factors of 268471.
7, 5479
What are the prime factors of 361900?
2, 5, 7, 11, 47
What are the prime factors of 11701666?
2, 5850833
List the prime factors of 2762940.
2, 3, 5, 46049
List the prime factors of 1160298.
2, 3, 21487
What are the prime factors of 864228?
2, 3, 72019
What are the prime factors of 22658128?
2, 23, 2677
List the prime factors of 263394.
2, 3, 14633
What are the prime factors of 19657868?
2, 149, 32983
What are the prime factors of 1427548?
2, 356887
List the prime factors of 241562.
2, 269, 449
What are the prime factors of 627746?
2, 7, 44839
What are the prime factors of 7022907?
3, 780323
List the prime factors of 26015.
5, 11, 43
List the prime factors of 186358.
2, 93179
What are the prime factors of 9269133?
3, 61, 50651
List the prime factors of 10886300.
2, 5, 108863
List the prime factors of 222445.
5, 17, 2617
List the prime factors of 523028.
2, 11, 11887
What are the prime factors of 206433?
3, 22937
What are the prime factors of 2888320?
2, 5, 4513
List the prime factors of 2048285.
5, 409657
What are the prime factors of 174598?
2, 87299
What are the prime factors of 324620?
2, 5, 16231
What are the prime factors of 1504947?
3, 233, 2153
List the prime factors of 3345204.
2, 3, 278767
What are the prime factors of 624799?
7, 41, 311
List the prime factors of 465094.
2, 7, 139, 239
What are the prime factors of 10286553?
3, 3428851
What are the prime factors of 368137?
7, 11, 683
List the prime factors of 106193.
103, 1031
What are the prime factors of 1205937?
3, 133993
What are the prime factors of 142866?
2, 3, 7937
What are the prime factors of 8859334?
2, 11, 402697
List the prime factors of 643303.
643303
List the prime factors of 821871.
3, 53, 1723
What are the prime factors of 591306?
2, 3, 139, 709
What are the prime factors of 11537511?
3, 3845837
List the prime factors of 4385283.
3, 7, 367, 569
What are the prime factors of 11914618?
2, 5957309
What are the prime factors of 1591575?
3, 5, 21221
What are the prime factors of 311347?
311347
List the prime factors of 52583.
52583
List the prime factors of 14923564.
2, 719, 5189
List the prime factors of 4343034.
2, 3, 723839
What are the prime factors of 3694739?
179, 20641
List the prime factors of 2368561.
13, 167, 1091
What are the prime factors of 293588?
2, 19, 3863
List the prime factors of 154797.
3, 51599
What are the prime factors of 2623503?
3, 239, 3659
What are the prime factors of 1078000?
2, 5, 7, 11
What are the prime factors of 2354932?
2, 588733
List the prime factors of 4644122.
2, 7, 47389
List the prime factors of 212501.
212501
What are the prime factors of 103481?
7, 14783
List the prime factors of 24184064.
2, 17, 5557
What are the prime factors of 886243?
886243
List the prime factors of 9327898.
2, 19, 245471
List the prime factors of 9010275.
3, 5, 19, 6323
List the prime factors of 7491606.
2, 3, 23, 54287
List the prime factors of 422470.
2, 5, 83, 509
What are the prime factors of 2416700?
2, 5, 11, 13
What are the prime factors of 4105721?
17, 241513
List the prime factors of 1060618.
2, 13, 19, 113
What are the prime factors of 116363?
13, 8951
What are the prime factors of 1280918?
2, 131, 4889
List the prime factors of 26719478.
2, 17, 719, 1093
List the prime factors of 22833910.
2, 5, 11, 113, 167
List the prime factors of 10210104.
2, 3, 47269
What are the prime factors of 1231935?
3, 5, 82129
List the prime factors of 11879.
7, 1697
List the prime factors of 8937186.
2, 3, 1489531
List the prime factors of 8631.
3, 7, 137
What are the prime factors of 241969?
7, 13, 2659
List the prime factors of 837694.
2, 11, 13, 29, 101
List the prime factors of 6798296.
2, 29, 29303
What are the prime factors of 15728?
2, 983
List the prime factors of 4342650.
2, 3, 5, 13, 17, 131
What are the prime factors of 30773869?
7, 59, 269, 277
What are the prime factors of 459756?
2, 3, 11, 43
List the prime factors of 8141888.
2, 127217
What are the prime factors of 2969135?
5, 13, 17, 2687
List the prime factors of 17955446.
2, 53, 233, 727
What are the prime factors of 916049?
916049
What are the prime factors of 152600?
2, 5, 7, 109
What are the prime factors of 40824?
2, 3, 7
What are the prime factors of 156902?
2, 19, 4129
What are the prime factors of 155507?
11, 67, 211
What are the prime factors of 327074?
2, 11, 14867
What are the prime factors of 45370?
2, 5, 13, 349
What are the prime factors of 380426?
2, 17, 67, 167
List the prime factors of 173345.
5, 37, 937
List the prime factors of 10784351.
109, 98939
List the prime factors of 259091.
7, 37013
What are the prime factors of 123990?
2, 3, 5, 4133
List the prime factors of 150590.
2, 5, 11, 37
List the prime factors of 13771236.
2, 3, 353, 3251
What are the prime factors of 9218226?
2, 3, 251, 6121
List the prime factors of 3931667.
3931667
List the prime fact